{"id":94,"date":"2023-10-22T20:47:44","date_gmt":"2023-10-22T20:47:44","guid":{"rendered":"https:\/\/www.beetz-helau.de\/?page_id=94"},"modified":"2025-01-05T16:38:07","modified_gmt":"2025-01-05T16:38:07","slug":"ueber-uns","status":"publish","type":"page","link":"https:\/\/www.beetz-helau.de\/?page_id=94","title":{"rendered":"\u00dcber uns"},"content":{"rendered":"\t\t<div data-elementor-type=\"wp-page\" data-elementor-id=\"94\" class=\"elementor elementor-94\">\n\t\t\t\t\t\t\t\t\t<section class=\"elementor-section elementor-top-section elementor-element elementor-element-f7a5df5 elementor-section-boxed elementor-section-height-default elementor-section-height-default\" data-id=\"f7a5df5\" data-element_type=\"section\">\n\t\t\t\t\t\t<div class=\"elementor-container elementor-column-gap-default\">\n\t\t\t\t\t<div class=\"elementor-column elementor-col-100 elementor-top-column elementor-element elementor-element-1f70003\" data-id=\"1f70003\" data-element_type=\"column\">\n\t\t\t<div class=\"elementor-widget-wrap elementor-element-populated\">\n\t\t\t\t\t\t\t\t<div class=\"elementor-element elementor-element-0822ddf elementor-widget elementor-widget-heading\" data-id=\"0822ddf\" data-element_type=\"widget\" data-widget_type=\"heading.default\">\n\t\t\t\t<div class=\"elementor-widget-container\">\n\t\t\t<style>\/*! elementor - v3.16.0 - 17-10-2023 *\/\n.elementor-heading-title{padding:0;margin:0;line-height:1}.elementor-widget-heading .elementor-heading-title[class*=elementor-size-]>a{color:inherit;font-size:inherit;line-height:inherit}.elementor-widget-heading .elementor-heading-title.elementor-size-small{font-size:15px}.elementor-widget-heading .elementor-heading-title.elementor-size-medium{font-size:19px}.elementor-widget-heading .elementor-heading-title.elementor-size-large{font-size:29px}.elementor-widget-heading .elementor-heading-title.elementor-size-xl{font-size:39px}.elementor-widget-heading .elementor-heading-title.elementor-size-xxl{font-size:59px}<\/style><h2 class=\"elementor-heading-title elementor-size-default\">Der Beetzer Carneval Club stellt sich vor<\/h2>\t\t<\/div>\n\t\t\t\t<\/div>\n\t\t\t\t\t<\/div>\n\t\t<\/div>\n\t\t\t\t\t\t\t<\/div>\n\t\t<\/section>\n\t\t\t\t<section class=\"elementor-section elementor-top-section elementor-element elementor-element-a25c166 elementor-section-boxed elementor-section-height-default elementor-section-height-default\" data-id=\"a25c166\" data-element_type=\"section\">\n\t\t\t\t\t\t<div class=\"elementor-container elementor-column-gap-default\">\n\t\t\t\t\t<div class=\"elementor-column elementor-col-100 elementor-top-column elementor-element elementor-element-1af1235\" data-id=\"1af1235\" data-element_type=\"column\">\n\t\t\t<div class=\"elementor-widget-wrap elementor-element-populated\">\n\t\t\t\t\t\t\t\t<div class=\"elementor-element elementor-element-c82cd1b elementor-widget elementor-widget-text-editor\" data-id=\"c82cd1b\" data-element_type=\"widget\" data-widget_type=\"text-editor.default\">\n\t\t\t\t<div class=\"elementor-widget-container\">\n\t\t\t<style>\/*! elementor - v3.16.0 - 17-10-2023 *\/\n.elementor-widget-text-editor.elementor-drop-cap-view-stacked .elementor-drop-cap{background-color:#69727d;color:#fff}.elementor-widget-text-editor.elementor-drop-cap-view-framed .elementor-drop-cap{color:#69727d;border:3px solid;background-color:transparent}.elementor-widget-text-editor:not(.elementor-drop-cap-view-default) .elementor-drop-cap{margin-top:8px}.elementor-widget-text-editor:not(.elementor-drop-cap-view-default) .elementor-drop-cap-letter{width:1em;height:1em}.elementor-widget-text-editor .elementor-drop-cap{float:left;text-align:center;line-height:1;font-size:50px}.elementor-widget-text-editor .elementor-drop-cap-letter{display:inline-block}<\/style>\t\t\t\t<p><span style=\"color: #000000; font-family: Arial, Helvetica, sans-serif; font-size: 15.84px; font-variant-ligatures: normal; orphans: 2; widows: 2; text-decoration-thickness: initial;\">An einem kalten Winterabend im Jahr 1962 sa\u00dfen ein paar Beetzer gem\u00fctlich bei einem Bierchen zusammen und beschlossen, dass Beetz dringend ein kulturelles Highlight braucht!<\/span><br style=\"margin: 0px; padding: 0px; color: #000000; font-family: Arial, Helvetica, sans-serif; font-size: 15.84px; font-variant-ligatures: normal; orphans: 2; widows: 2; text-decoration-thickness: initial;\" \/><br style=\"margin: 0px; padding: 0px; color: #000000; font-family: Arial, Helvetica, sans-serif; font-size: 15.84px; font-variant-ligatures: normal; orphans: 2; widows: 2; text-decoration-thickness: initial;\" \/><span style=\"color: #000000; font-family: Arial, Helvetica, sans-serif; font-size: 15.84px; font-variant-ligatures: normal; orphans: 2; widows: 2; text-decoration-thickness: initial;\">Schnell war klar &#8211; ein Karnevals-Club soll gegr\u00fcndet werden!<\/span><br style=\"margin: 0px; padding: 0px; color: #000000; font-family: Arial, Helvetica, sans-serif; font-size: 15.84px; font-variant-ligatures: normal; orphans: 2; widows: 2; text-decoration-thickness: initial;\" \/><br style=\"margin: 0px; padding: 0px; color: #000000; font-family: Arial, Helvetica, sans-serif; font-size: 15.84px; font-variant-ligatures: normal; orphans: 2; widows: 2; text-decoration-thickness: initial;\" \/><span style=\"color: #000000; font-family: Arial, Helvetica, sans-serif; font-size: 15.84px; font-variant-ligatures: normal; orphans: 2; widows: 2; text-decoration-thickness: initial;\">So hallt\u00a0nun bereits seit \u00fcber 60 Jahren allj\u00e4hrlich in der Karnevalszeit ein fr\u00f6hliches<\/span><\/p>\t\t\t\t\t\t<\/div>\n\t\t\t\t<\/div>\n\t\t\t\t<div class=\"elementor-element elementor-element-0d6c8ee elementor-widget elementor-widget-heading\" data-id=\"0d6c8ee\" data-element_type=\"widget\" data-widget_type=\"heading.default\">\n\t\t\t\t<div class=\"elementor-widget-container\">\n\t\t\t<h2 class=\"elementor-heading-title elementor-size-default\"><span class=\"elementor-heading-title elementor-size-default elementor-inline-editing pen\" data-elementor-setting-key=\"title\" data-pen-placeholder=\"Eingabe hier...\" style=\"color: rgb(255, 0, 0); clear: both; line-height: 1.3; font-size: 1.875rem; margin-bottom: 20px; text-align: center;\">Beetz - Helau!<\/span><\/h2>\t\t<\/div>\n\t\t\t\t<\/div>\n\t\t\t\t<div class=\"elementor-element elementor-element-e7a3e9a elementor-widget elementor-widget-text-editor\" data-id=\"e7a3e9a\" data-element_type=\"widget\" data-widget_type=\"text-editor.default\">\n\t\t\t\t<div class=\"elementor-widget-container\">\n\t\t\t\t\t\t\t<p><big style=\"font-size: 15px; text-align: center; margin: 0px; padding: 0px; color: #000000; font-family: Arial, Helvetica, sans-serif; font-variant-ligatures: normal; orphans: 2; widows: 2; text-decoration-thickness: initial;\">durch unsere Stra\u00dfen.<br style=\"margin: 0px; padding: 0px;\" \/><br style=\"margin: 0px; padding: 0px;\" \/>Die ersten Veranstaltungen fanden im damaligen Saal der Konsumgastst\u00e4tte in der Dorfmitte statt. Einige Jahre lang war das Kulturhaus der Klinik in Sommerfeld Austragungsort unserer Veranstaltungen. Zwischenzeitlich gab es auch Auftritte im neu erbauten Ringhotel Sommerfeld oder auch in Hohenbruch.<br style=\"margin: 0px; padding: 0px;\" \/><br style=\"margin: 0px; padding: 0px;\" \/><\/big><big style=\"font-size: 15px; text-align: center; margin: 0px; padding: 0px; color: #000000; font-family: Arial, Helvetica, sans-serif; font-variant-ligatures: normal; orphans: 2; widows: 2; text-decoration-thickness: initial;\">Im Jahr 2009 bekam der Verein die M\u00f6glichkeit, wieder an seinen Ursprungsort\u00a0<\/big><big style=\"font-size: 15px; text-align: center; margin: 0px; padding: 0px; color: #000000; font-family: Arial, Helvetica, sans-serif; font-variant-ligatures: normal; orphans: 2; widows: 2; text-decoration-thickness: initial;\">\u00a0Beetz zur\u00fcck zu kehren. Seitdem bildet die Beetzer\u00a0Mehrzweckhalle die Heimat des BCCs.<br style=\"margin: 0px; padding: 0px;\" \/><br style=\"margin: 0px; padding: 0px;\" \/>2015 dann wurde der BCC nochmal &#8222;neu geboren&#8220; und ist nun als Verein ganz offiziell der Beetzer Carneval Club<span style=\"margin: 0px; padding: 0px; font-weight: bold;\">\u00a0<\/span><span style=\"margin: 0px; padding: 0px;\">e. V.<\/span><\/big><\/p><p><big style=\"font-size: 15px; text-align: center; margin: 0px; padding: 0px; color: #000000; font-family: Arial, Helvetica, sans-serif; font-variant-ligatures: normal; orphans: 2; widows: 2; text-decoration-thickness: initial;\"><span style=\"margin: 0px; padding: 0px;\">\u00a0<\/span>Wir sind sehr stolz, diesen Schritt gemeinsam gegangen zu sein!<\/big><\/p>\t\t\t\t\t\t<\/div>\n\t\t\t\t<\/div>\n\t\t\t\t\t<\/div>\n\t\t<\/div>\n\t\t\t\t\t\t\t<\/div>\n\t\t<\/section>\n\t\t\t\t<section class=\"elementor-section elementor-top-section elementor-element elementor-element-9a05cba elementor-section-boxed elementor-section-height-default elementor-section-height-default\" data-id=\"9a05cba\" data-element_type=\"section\">\n\t\t\t\t\t\t<div class=\"elementor-container elementor-column-gap-default\">\n\t\t\t\t\t<div class=\"elementor-column elementor-col-100 elementor-top-column elementor-element elementor-element-52e0384\" data-id=\"52e0384\" data-element_type=\"column\">\n\t\t\t<div class=\"elementor-widget-wrap\">\n\t\t\t\t\t\t\t\t\t<\/div>\n\t\t<\/div>\n\t\t\t\t\t\t\t<\/div>\n\t\t<\/section>\n\t\t\t\t\t\t\t<\/div>\n\t\t","protected":false},"excerpt":{"rendered":"<p>Der Beetzer Carneval Club stellt sich vor An einem kalten Winterabend im Jahr 1962 sa\u00dfen ein paar Beetzer gem\u00fctlich bei einem Bierchen zusammen und beschlossen, dass Beetz dringend ein kulturelles Highlight braucht!Schnell war klar &#8211; ein Karnevals-Club soll gegr\u00fcndet werden!So hallt\u00a0nun bereits seit \u00fcber 60 Jahren allj\u00e4hrlich in der Karnevalszeit ein fr\u00f6hliches Beetz &#8211; Helau! &hellip; <\/p>\n<p class=\"link-more\"><a href=\"https:\/\/www.beetz-helau.de\/?page_id=94\" class=\"more-link\">Mehr <span class=\"screen-reader-text\">\u00fcber &#8222;\u00dcber uns&#8220; <\/span>Lesen<\/a><\/p>\n","protected":false},"author":1,"featured_media":0,"parent":0,"menu_order":0,"comment_status":"closed","ping_status":"closed","template":"","meta":[],"_links":{"self":[{"href":"https:\/\/www.beetz-helau.de\/index.php?rest_route=\/wp\/v2\/pages\/94"}],"collection":[{"href":"https:\/\/www.beetz-helau.de\/index.php?rest_route=\/wp\/v2\/pages"}],"about":[{"href":"https:\/\/www.beetz-helau.de\/index.php?rest_route=\/wp\/v2\/types\/page"}],"author":[{"embeddable":true,"href":"https:\/\/www.beetz-helau.de\/index.php?rest_route=\/wp\/v2\/users\/1"}],"replies":[{"embeddable":true,"href":"https:\/\/www.beetz-helau.de\/index.php?rest_route=%2Fwp%2Fv2%2Fcomments&post=94"}],"version-history":[{"count":10,"href":"https:\/\/www.beetz-helau.de\/index.php?rest_route=\/wp\/v2\/pages\/94\/revisions"}],"predecessor-version":[{"id":311,"href":"https:\/\/www.beetz-helau.de\/index.php?rest_route=\/wp\/v2\/pages\/94\/revisions\/311"}],"wp:attachment":[{"href":"https:\/\/www.beetz-helau.de\/index.php?rest_route=%2Fwp%2Fv2%2Fmedia&parent=94"}],"curies":[{"name":"wp","href":"https:\/\/api.w.org\/{rel}","templated":true}]}}